+ 5*r. Suppose h + 12 = 5*f, 4*h + 33 = -h - 2*f. Let t = h + n. List the prime factors of t.
3, 7
Suppose -6*y + y = -1895. Let j = y - 223. List the prime factors of j.
2, 3, 13
Let v be 0 + -3 + (-3)/(-1). Suppose 0 = -2*d + 10 - v. Suppose -2*i + 335 = d*t, -3*t + 129 = -3*i - 93. What are the prime factors of t?
3, 23
Let a be (-2)/(-1*2) + 114/38. Suppose -416 = -a*d - 72. What are the prime factors of d?
2, 43
Let x be 1002/(-21) + (-10)/35. List the prime factors of (116/3)/((-16)/x).
2, 29
Let g(r) = -r**3 + 3*r**2 + 6*r - 7. Let c(m) = m. Let f(b) = -b**2 - 4*b. Let n(u) = -4*c(u) - f(u). Let w(q) = -g(q) - 4*n(q). List the prime factors of w(8).
23
Let b(f) = 2*f**2 + 6*f + 2. Suppose 2*h - 33 = 2*l + l, 11 = -h - 4*l. Let x(a) = a**2 - 9*a - 6. Let n be x(h). What are the prime factors of b(n)?
2, 19
Suppose -4273 = -7*s + 7452. What are the prime factors of s?
5, 67
Let t(f) = 2*f**2 + 8*f + 4. Let y be t(9). Let j = y - 161. List the prime factors of j.
7, 11
Let c be -3*5*(-1)/3. Suppose -4*r + 302 = 5*a + 11, -c*a = -5*r - 300. List the prime factors of a.
59
What are the prime factors of (-6 - -5 - -2346) + 50/10?
2, 5, 47
Suppose -314 = -6*a + 5044. What are the prime factors of a?
19, 47
Let f(w) = 20*w**2 - w. Let k(z) = -z**3 - 4*z**2 - 3*z + 1. Let y be k(-3). Let p be (-2)/(3 - y/1). List the prime factors of f(p).
3, 7
Let s(u) = -u**3 + 6*u**2 + 9*u - 4. Let i be s(7). Suppose 0 = -i*q + 401 + 329. What are the prime factors of q?
73
List the prime factors of (-8)/(14 - 46) - 8910/(-8).
2, 557
Suppose 3*q = 3*c + 234, -c - 240 = 2*c - 5*q. Let k = c - -135. What are the prime factors of k?
2, 3, 5
Suppose 0*p = -3*p - 15. Let t(h) = -3*h + 5. Let w be t(p). Let b = w + -6. List the prime factors of b.
2, 7
Let y be (-150)/25*(-2)/(-6). Let k(b) = 6*b + 3 + 2*b - 4*b + 9*b**2. What are the prime factors of k(y)?
31
Suppose 15*m = 7418 + 7582. Suppose q - m = -9*q. List the prime factors of q.
2, 5
Let z be ((-6)/4)/((-36)/192). Suppose 5*i = -x + z, 2*x = -4*i - 2*x. List the prime factors of (-1)/i + 45/6.
7
Let k(u) be the first derivative of 7*u**4 - u**2 + u + 3. Let s be (-6 + 8)*1/2. List the prime factors of k(s).
3
Suppose -59*x + 145600 = -19*x. List the prime factors of x.
2, 5, 7, 13
Let s(f) = f**3 - 8*f**2 - 10*f + 9. Let z be s(9). Suppose z = 4*x - 29 - 19. Suppose x + 5 = n. What are the prime factors of n?
17
Let t(q) = -q**3 + 4*q**2 + 4*q + 4. Let i be t(6). Let r = i - -47. What are the prime factors of r?
3
Suppose 9*a - 13*a = 12. What are the prime factors of -3*(a - -12)*(1 - 2)?
3
Suppose 5*r - 905 - 4742 = -3*l, l - 4*r - 1871 = 0. List the prime factors of l.
1879
Suppose 4*l + 3*v - 13203 = 0, 2*l - 2*v = 5398 + 1186. What are the prime factors of l?
3, 7, 157
Suppose b - 7 = -4. Let v = 8 - b. Suppose -v = 5*r - 65. What are the prime factors of r?
2, 3
Let w be 6/(-5)*(-15)/6. Suppose w*m - 2*o = 96, -2*m - 5*o = m - 96. List the prime factors of m.
2
Suppose q - 127 - 29 = 0. List the prime factors of q.
2, 3, 13
Suppose 2*f = -j + 1045, 3*f + 2*j = 4*f - 525. List the prime factors of f.
523
Let c = -208 + 139. Let a = 180 + c. List the prime factors of (a/3)/1 - -1.
2, 19
List the prime factors of (124/(-3))/((-216)/324).
2, 31
Suppose -7*h = -14372 + 6077. List the prime factors of h.
3, 5, 79
Let r(y) = -2*y**2 + 12*y + 1. Let m(u) = 2*u**2 - 13*u - 2. Let z(h) = 2*m(h) + 3*r(h). Let f be z(7). Let p = 13 - f. What are the prime factors of p?
2, 3, 7
Let v(w) = -5*w + 27. Let o(b) = -3*b + 14. Let u(x) = 9*o(x) - 4*v(x). What are the prime factors of u(-6)?
2, 3, 5
Let f be (-1)/(1/18) - 1. Let b = 202 - 213. Let d = b - f. What are the prime factors of d?
2
Let i(b) = -2*b - 5*b - 5*b + 2*b - 4. Let s = -12 + 8. What are the prime factors of i(s)?
2, 3
Let t be (1/(-3))/((-5)/(-15)). Let s be -1 + -1 + t - -15. Suppose -66 = -2*z + s. List the prime factors of z.
3, 13
Suppose -5 = -5*m + 10, 228 = -p + 4*m. Let n = p + 364. What are the prime factors of n?
2, 37
Let c(x) = -11*x. Let o be c(-2). Let w = 2 - -3. Suppose w*d = q + 14, -3*d = 5*q - 5*d - o. What are the prime factors of q?
2, 3
Suppose 7*j - 9*j - 6 = 0. What are the prime factors of ((-1085)/60 - j/4)*-6?
2, 13
Let y = 1363 - 805. Suppose -214 = 2*z - y. What are the prime factors of z?
2, 43
Suppose -4*u = 4*q - 2417 - 3623, -4*q - 3044 = -2*u. List the prime factors of u.
2, 757
Suppose -327 - 823 = -10*g. What are the prime factors of g?
5, 23
Let d(t) be the second derivative of t**3 + 2*t**2 - 2*t. What are the prime factors of d(4)?
2, 7
Let g(d) = 2*d - 22. Let y be g(-8). Let j = y + 249. List the prime factors of j.
211
Suppose -18*u - w = -17*u - 3761, -4*u = -5*w - 15008. List the prime factors of u.
13, 17
Let w(m) = -81*m - 48. Let b(a) = 5*a + 3. Let j(y) = -33*b(y) - 2*w(y). Let s be j(-3). List the prime factors of 6*s - (-3 - -5).
2, 17
Let v = 113 - 56. List the prime factors of (1 - v/12)/(24/(-64)).
2, 5
Let d = 108 - 4. Let z = 175 - d. What are the prime factors of z?
71
Suppose -12*o + 16*o = -2*h + 4242, -3*h = -o - 6356. List the prime factors of h.
13, 163
Let n be (10/8)/(7/(-28)). Let t be 624/(-15)*(n + 0). Suppose 4*m = -20 + t. What are the prime factors of m?
47
Let j(s) = s**3 + 15*s**2 + 15*s + 15. Let o be j(-13). Let q = -61 + o. What are the prime factors of q?
97
What are the prime factors of 153 + 3 - (-2)/(16/(-56))?
149
Let i = 8 + 1. Let s(j) be the second derivative of -j**4/12 + 5*j**3/3 + j**2/2 + 106*j. List the prime factors of s(i).
2, 5
Suppose -7*u + 6*u = 11. Let z be 11 + u - 3/(-1). List the prime factors of (0 - -66)/3 + z.
5
Let r(j) = 8*j + 249. List the prime factors of r(27).
3, 5, 31
Suppose 5*i - 3876 = 4*w, -5*i + 6450 = -w + 2586. List the prime factors of i.
2, 193
Let n(b) = -8*b**2 + 3 - 86*b**3 + 9 - 8*b + 87*b**3. What are the prime factors of n(11)?
7, 41
Let x be (2/(-3))/((-2)/72). Suppose 2*o = -2*k + x, 2*k - 48 = -2*k - 5*o. List the prime factors of k.
2, 3
Let b(y) = y - 1. Let d be b(11). Suppose 643 = d*x - 587. What are the prime factors of x?
3, 41
Let s = -1730 - -2889. What are the prime factors of s?
19, 61
Let n(o) = 8*o**2 + 3*o - 3. Let t be n(1). Suppose t*i = 363 + 133. What are the prime factors of i?
2, 31
Let f = -114 - -120. Suppose -10*l + f*l = -1240. List the prime factors of l.
2, 5, 31
Suppose j - 10 = -c + 3*j, 0 = j + 1. Suppose -c*x + 12*x - 588 = 0. List the prime factors of x.
3, 7
Suppose -5 = -o + 5*h - 1, -h - 54 = -4*o. Suppose 4 = -w - 8*q + 3*q, -3*w - 12 = -5*q. What are the prime factors of 1 - 7/(o/w)?
3
Suppose 91*l = 78*l + 14807. What are the prime factors of l?
17, 67
Suppose 56*g - 85860 = 11*g. List the prime factors of g.
2, 3, 53
Suppose 0 = -3*p - w + 5, 4*p - w + 4 + 1 = 0. Suppose p = 4*l + l - 20. Suppose 0 = 4*n + 2*y - 168, -l*n + 166 = -0*y + y. List the prime factors of n.
41
Let c(k) = -k**2 + 21*k - 35. Let h be c(19). Suppose h*v - 380 = -u + 12, -2*v - u = -262. List the prime factors of v.
2, 5, 13
Suppose -4*q + 4 = 4. Suppose 485 = 5*s - q*s. List the prime factors of s.
97
Let q = 2414 + -1710. List the prime factors of q.
2, 11
Let b be (-2)/(-4)*-2*4. Suppose -j + 11 = -26. Let o = b + j. List the prime factors of o.
3, 11
Let o(h) = 20*h**2 + 1. Let r(a) = -a**3 + 4*a**2 + 6*a - 7. Let i be r(5). What are the prime factors of o(i)?
3
Let d = -327 + 461. What are the prime factors of d?
2, 67
Suppose -7164 = -a + 2*h - 2672, 0 = 2*a - 5*h - 8987. What are the prime factors of a?
2, 2243
Suppose 4*h - 4 = c, c + 0*c - 12 = -4*h. Suppose h = 2*i - 44. List the prime factors of i.
23
Let t(b) = b**3 - 6*b**2 + 6. Let q be t(6). Let h = q - 2. Suppose 108 = -0*r + h*r. What are the prime factors of r?
3
Let g(r) = 3*r + 85. What are the prime factors of g(-20)?
5
Suppose -817 - 231 = -2*z. Suppose -3*h + 4*b = -z, -2*b + 856 = h + 4*h. List the prime factors of h.
2, 43
List the prime factors of (-426681)/(-117) + 28/182.
7, 521
Let s(t) = -8*t + 59. Let b(a) = 9*a - 58. Let v(q) = 5*b(q) + 6*s(q). What are the prime factors of v(0)?
2
Suppose 0 = 3*u + 5*f - 3181, 4*u - 2859 = -3*f + 1364. List the prime factors of u.
2, 263
Let x be 3 + (2 + 0)/(-2) + 1. Suppose 3*m - 4*y = 278, 0 =